t 16 (base 8) to base 13.
11
What is -55 (base 11) in base 5?
-220
-2 (base 7) to base 3
-2
Convert 53 (base 7) to base 16.
26
Convert -4 (base 8) to base 13.
-4
e (base 15) to base 8
16
Convert 2 (base 6) to base 12.
2
Convert -102 (base 3) to base 4.
-23
1 (base 3) to base 5
1
-13 (base 4) to base 12
-7
What is 121 (base 9) in base 7?
202
Convert a (base 14) to base 15.
a
What is 6 (base 13) in base 16?
6
Convert 140 (base 5) to base 3.
1200
What is -ca (base 14) in base 8?
-262
What is -1110 (base 2) in base 8?
-16
161 (base 10) to base 14
b7
Convert -11 (base 5) to base 7.
-6
Convert -f (base 16) to base 2.
-1111
Convert 2 (base 8) to base 6.
2
What is -20 (base 7) in base 11?
-13
110 (base 5) to base 14
22
What is -6a (base 13) in base 8?
-130
Convert 10 (base 6) to base 4.
12
1 (base 3) to base 9
1
What is 11 (base 3) in base 9?
4
2 (base 16) to base 9
2
What is -22 (base 7) in base 13?
-13
What is 59 (base 13) in base 10?
74
What is -76 (base 12) in base 13?
-6c
36 (base 9) to base 7
45
-5 (base 9) to base 4
-11
-11 (base 4) to base 14
-5
What is 103 (base 6) in base 16?
27
233 (base 12) to base 10
327
Convert 512 (base 7) to base 3.
100102
What is -c (base 16) in base 14?
-c
Convert 1 (base 10) to base 8.
1
130 (base 5) to base 15
2a
Convert 3 (base 7) to base 8.
3
Convert -143 (base 7) to base 15.
-55
Convert 511 (base 6) to base 7.
355
3 (base 11) to base 8
3
-316 (base 7) to base 5
-1120
Convert 1 (base 11) to base 9.
1
Convert 10100 (base 3) to base 15.
60
Convert 4 (base 9) to base 12.
4
What is 3 (base 15) in base 8?
3
34 (base 9) to base 3
1011
What is -4 (base 9) in base 15?
-4
Convert -36 (base 8) to base 10.
-30
Convert -20 (base 4) to base 16.
-8
1 (base 13) to base 6
1
Convert -140 (base 9) to base 14.
-85
Convert 1e (base 15) to base 14.
21
Convert 10 (base 4) to base 15.
4
Convert 17 (base 12) to base 16.
13
-15 (base 15) to base 12
-18
Convert 1 (base 15) to base 5.
1
What is 1 (base 11) in base 9?
1
What is -32 (base 7) in base 14?
-19
Convert 1030 (base 5) to base 16.
8c
Convert 200 (base 3) to base 12.
16
-1 (base 2) to base 13
-1
What is 120 (base 6) in base 10?
48
What is 2 (base 12) in base 10?
2
Convert 102 (base 3) to base 6.
15
Convert a (base 14) to base 16.
a
-2 (base 10) to base 8
-2
-40 (base 6) to base 9
-26
What is -73 (base 15) in base 16?
-6c
a (base 15) to base 8
12
Convert -100 (base 2) to base 10.
-4
71 (base 15) to base 7
211
100 (base 3) to base 9
10
-5 (base 14) to base 5
-10
12 (base 5) to base 15
7
-224 (base 8) to base 5
-1043
What is -d (base 15) in base 7?
-16
Convert 233 (base 4) to base 11.
43
What is -2 (base 5) in base 9?
-2
Convert -4 (base 8) to base 14.
-4
1030 (base 4) to base 8
114
-5 (base 8) to base 2
-101
What is 8 (base 12) in base 15?
8
Convert 145 (base 10) to base 6.
401
What is -20 (base 10) in base 3?
-202
Convert 159 (base 10) to base 14.
b5
What is 2 (base 5) in base 15?
2
What is 6 (base 10) in base 8?
6
Convert -42 (base 9) to base 8.
-46
-d (base 16) to base 11
-12
Convert -135 (base 6) to base 7.
-113
Convert 4 (base 7) to base 11.
4
Convert 100 (base 9) to base 2.
1010001
Convert 130 (base 4) to base 6.
44
What is 23 (base 15) in base 16?
21
What is -100 (base 2) in base 14?
-4
What is -20 (base 8) in base 3?
-121
Convert -9 (base 14) to base 9.
-10
What is -1 (base 9) in base 11?
-1
11 (base 5) to base 14
6
What is -10a (base 15) in base 7?
-454
3111 (base 5) to base 3
120001
What is 7 (base 10) in base 7?
10
What is 1030 (base 4) in base 8?
114
Convert 9 (base 15) to base 2.
1001
-ec (base 15) to base 14
-11c
-10001 (base 2) to base 4
-101
Convert 94 (base 16) to base 10.
148
Convert 1100 (base 2) to base 16.
c
12 (base 4) to base 7
6
What is 126 (base 8) in base 5?
321
Convert 0 (base 6) to base 5.
0
510 (base 8) to base 6
1304
Convert 12 (base 7) to base 8.
11
Convert -243 (base 7) to base 10.
-129
11101 (base 2) to base 8
35
Convert 122 (base 3) to base 5.
32
Convert -8 (base 13) to base 15.
-8
Convert -2 (base 8) to base 11.
-2
What is 2131 (base 4) in base 2?
10011101
-13 (base 6) to base 5
-14
10111 (base 2) to base 13
1a
-41 (base 9) to base 11
-34
What is -63 (base 10) in base 11?
-58
Convert -7 (base 16) to base 3.
-21
Convert 305 (base 7) to base 5.
1102
What is 11 (base 4) in base 7?
5
What is -50 (base 6) in base 16?
-1e
Convert 40 (base 8) to base 16.
20
Convert -5 (base 7) to base 4.
-11
-10011 (base 2) to base 9
-21
Convert 6 (base 9) to base 3.
20
What is 3 (base 15) in base 14?
3
What is -13 (base 8) in base 11?
-10
What is -11000 (base 3) in base 12?
-90
What is -1001 (base 3) in base 16?
-1c
Convert 4 (base 13) to base 14.
4
What is -22 (base 3) in base 6?
-12
Convert 2 (base 4) to base 5.
2
311 (base 7) to base 3
12202
40 (base 9) to base 12
30
-1 (base 6) to base 8
-1
What is -43 (base 13) in base 15?
-3a
-1 (base 2) to base 5
-1
2 (base 10) to base 3
2
Convert -c1 (base 14) to base 6.
-441
-2 (base 16) to base 4
-2
Convert 24 (base 11) to base 2.
11010
33 (base 7) to base 4
120
-3 (base 10) to base 3
-10
What is c0 (base 15) in base 4?
2310
Convert -1ab (base 12) to base 13.
-182
Convert 1110 (base 2) to base 6.
22
What is -155 (base 9) in base 5?
-1011
-4 (base 6) to base 7
-4
What is -19 (base 11) in base 9?
-22
-3 (base 8) to base 5
-3
Convert 55 (base 10) to base 4.
313
What is -4 (base 7) in base 5?
-4
What is 1110 (base 2) in base 14?
10
56 (base 8) to base 15
31
What is 13 (base 6) in base 13?
9
Convert 61 (base 11) to base 2.
1000011
Convert -4 (base 14) to base 4.
-10
What is -35 (base 7) in base 6?
-42
-75 (base 9) to base 15
-48
-100211 (base 3) to base 9
-324
What is 335 (base 7) in base 9?
212
Convert 2 (base 4) to base 2.
10
Convert -1 (base 2) to base 7.
-1
What is -8 (base 15) in base 11?
-8
What is -7 (base 8) in base 3?
-21
a7 (base 11) to base 6
313
Convert -38 (base 16) to base 3.
-2002
What is -7 (base 10) in base 6?
-11
Convert -4 (base 7) to base 10.
-4
Convert -11010 (base 2) to base 10.
-26
Convert -3 (base 5) to base 11.
-3
-93 (base 15) to base 16
-8a
Convert -5 (base 13) to base 11.
-5
2 (base 9) to base 10
2
44 (base 16) to base 5
233
Convert 137 (base 9) to base 11.
a5
What is -12 (base 6) in base 11?
-8
c7 (base 14) to base 10
175
-1 (base 14) to base 4
-1
Convert 200 (base 4) to base 12.
28
101 (base 5) to base 4
122
10121 (base 4) to base 2
100011001
6 (base 7) to base 3
20
Convert 60 (base 13) to base 3.
2220
-52 (base 7) to base 8
-45
24 (base 6) to base 12
14
What is -1 (base 8) in base 9?
-1
What is -3 (base 9) in base 3?
-10
Convert -1 (base 2) to base 3.
-1
-1 (base 8) to base 2
-1
-1 (base 10) to base 11
-1
Convert 5 (base 6) to base 4.
11
Convert -303 (base 8) to base 16.
-c3
Convert 10a (base 13) to base 11.
153
-1002 (base 6) to base 14
-118
What is 100001 (base 2) in base 6?
53
Convert 8 (base 14) to base 13.
8
101 (base 2) to base 11
5
Convert -3 (base 15) to base 3.
-10
1b (base 13) to base 2
11000
Convert -75 (base 16) to base 2.
-1110101
Convert -1 (base 9) to base 11.
-1
-3 (base 4) to base 14
-3
-111 (base 2) to base 7
-10
What is 6 (base 8) in base 12?
6
What is -353 (base 8) in base 14?
-12b
What is -2 (base 15) in base 2?
-10
What is 6 (base 14) in base 11?
6
What is -12 (base 8) in base 13?
-a
What is 26 (base 8) in base 7?
31
What is 5b (base 14) in base 13?
63
What is -11110010 (base 2) in base 9?
-288
-3 (base 4) to base 7
-3
Convert -8 (base 10) to base 5.
-13
1024 (base 5) to base 14
9d
-24 (base 10) to base 13
-1b
Convert 1 (base 13) to base 16.
1
Convert 13a (base 13) to base 12.
162
What is -113 (base 5) in base 15?
-23
What is -32 (base 4) in base 12?
-12
Convert -1020 (base 4) to base 11.
-66
What is -24 (base 13) in base 14?
-22
Convert -1 (base 8) to base 10.
-1
What is 93 (base 13) in base 7?
231
Convert 29 (base 13) to base 7.
50
Convert -1 (base 5) to base 10.
-1
What is 3 (base 10) in base 2?
11
Convert -a6 (base 15) to base 8.
-234
5 (base 7) to base 8
5
18 (base 9) to base 2
10001
Convert -1100 (base 2) to base 10.
-12
-1 (base 5) to base 14
-1
What is 100 (base 3) in base 15?
9
Convert -143 (base 14) to base 13.
-168
100 (base 8) to base 15
44
What is 2 (base 3) in base 16?
2
What is 1 (base 8) in base 11?
1
Convert -230 (base 5) to base 11.
-5a
-12 (base 4) to base 5
